{"id":11789,"date":"2023-01-17T12:52:43","date_gmt":"2023-01-17T11:52:43","guid":{"rendered":"https:\/\/laciviltadelbere.com\/prodotto\/vin-de-france-de-toute-beaute-2018-anne-et-jean-francois-ganevat\/"},"modified":"2024-04-02T01:59:03","modified_gmt":"2024-04-01T23:59:03","slug":"vin-de-france-de-toute-beaute-2018-anne-et-jean-francois-ganevat","status":"publish","type":"product","link":"https:\/\/laciviltadelbere.com\/en\/prodotto\/vin-de-france-de-toute-beaute-2018-anne-et-jean-francois-ganevat\/","title":{"rendered":"Vin de France &#8220;De toute beaute&#8221; 2018 &#8211; Anne et Jean Francois Ganevat"},"content":{"rendered":"","protected":false},"excerpt":{"rendered":"<p>Domaine Jean-Fran\u00e7ois Ganevat is located in La Combe de Rotalier in Jura, France. The estate has been in the family since 1650 and is currently managed by Jean-Fran\u00e7ois Ganevat, who trained and worked at Domaine Jean-Marc Morey in Chassagne-Montrachet until 1998, before returning to his family estate. Ganevat&#8217;s production is small, but is made up of about 40 different cuv\u00e9es aimed at highlighting the terroir, varietal or winemaking style. The 13-hectare estate has been certified biodynamic since 2014. Jean-Fran\u00e7ois Ganevat uses traditional, customized winemaking techniques: destemming is done manually, no new wood is used, white wines are aged on the lees for a minimum of two years, and since 2006 he has completely eradicated the use of sulfur.<\/p>\n<p>The estate also buys in grapes from Alsace, Savoy and Beaujolais to produce cuv\u00e9es under the Vin de France appellation. These cuv\u00e9es are blended from purchased and estate grapes, allowing Jean-Fran\u00e7ois Ganevat and his wife Anne to use all the native grape varieties to develop unique, declassified wines.<br \/>\nThe De Toute Beaute cuv\u00e9e is made from 70% Gamay grapes from Fleurie and Morgon, combined with native varieties from Ganevat vineyards in the Jura, namely Petit B\u00e9clan, Gros B\u00e9clan, Geusche, Argant, Peurion, Portugu\u00ea Bleu, Isabelle, Enfarin\u00e9 and so on. The vines are 50 years old, 14 years old for the ungrafted vines. Winemaking is carried out by carbonic maceration for five weeks in truncated conical vats, with naturally occurring yeasts, and there is no clarification, filtration or sulfites added.<\/p>\n<div class=\"caratteristiche\">\n<div class=\"temperatura\">\n<div class=\"icona-temperatura\"><\/div>\n<h4>Temperature:<\/h4>\n<p> 8-10\u00b0C <\/p>\n<\/p><\/div>\n<div class=\"abbinamento\">\n<div class=\"icona-abbinamento\"><\/div>\n<h4>Pairings:<\/h4>\n<p> after dinner <\/p>\n<\/p><\/div>\n<div class=\"vitigno\">\n<div class=\"icona-vitigno\"><\/div>\n<h4>Grapevine:<\/h4>\n<p>       70% Gamay, native vines\n   <\/p><\/div>\n<div class=\"gradazione\">\n<div class=\"icona-gradazione\"><\/div>\n<h4>Alcohol content:<\/h4>\n<p> 11.5% <\/p>\n<\/p><\/div>\n<div class=\"formato\">\n<div class=\"icona-formato\"><\/div>\n<h4>Size:<\/h4>\n<p> 75 cl <\/p>\n<\/p><\/div>\n<\/div>\n","protected":false},"featured_media":11229,"template":"","meta":{"inline_featured_image":false},"product_cat":[742,743],"product_tag":[885,895],"cantina":[],"wppr_data":[],"_links":{"self":[{"href":"https:\/\/laciviltadelbere.com\/en\/wp-json\/wp\/v2\/product\/11789"}],"collection":[{"href":"https:\/\/laciviltadelbere.com\/en\/wp-json\/wp\/v2\/product"}],"about":[{"href":"https:\/\/laciviltadelbere.com\/en\/wp-json\/wp\/v2\/types\/product"}],"version-history":[{"count":0,"href":"https:\/\/laciviltadelbere.com\/en\/wp-json\/wp\/v2\/product\/11789\/revisions"}],"wp:featuredmedia":[{"embeddable":true,"href":"https:\/\/laciviltadelbere.com\/en\/wp-json\/wp\/v2\/media\/11229"}],"wp:attachment":[{"href":"https:\/\/laciviltadelbere.com\/en\/wp-json\/wp\/v2\/media?parent=11789"}],"wp:term":[{"taxonomy":"product_cat","embeddable":true,"href":"https:\/\/laciviltadelbere.com\/en\/wp-json\/wp\/v2\/product_cat?post=11789"},{"taxonomy":"product_tag","embeddable":true,"href":"https:\/\/laciviltadelbere.com\/en\/wp-json\/wp\/v2\/product_tag?post=11789"},{"taxonomy":"cantina","embeddable":true,"href":"https:\/\/laciviltadelbere.com\/en\/wp-json\/wp\/v2\/cantina?post=11789"}],"curies":[{"name":"wp","href":"https:\/\/api.w.org\/{rel}","templated":true}]}}

<p>Domaine Jean-François Ganevat is located in La Combe de Rotalier in Jura, France. The estate has been in the family since 1650 and is currently managed by Jean-François Ganevat, who trained and worked at Domaine Jean-Marc Morey in Chassagne-Montrachet until 1998, before returning to his family estate. Ganevat&#8217;s production is small, but is made up of about 40 different cuvées aimed at highlighting the terroir, varietal or winemaking style. The 13-hectare estate has been certified biodynamic since 2014. Jean-François Ganevat uses traditional, customized winemaking techniques: destemming is done manually, no new wood is used, white wines are aged on the lees for a minimum of two years, and since 2006 he has completely eradicated the use of sulfur.</p>
<p>The estate also buys in grapes from Alsace, Savoy and Beaujolais to produce cuvées under the Vin de France appellation. These cuvées are blended from purchased and estate grapes, allowing Jean-François Ganevat and his wife Anne to use all the native grape varieties to develop unique, declassified wines.<br />
The De Toute Beaute cuvée is made from 70% Gamay grapes from Fleurie and Morgon, combined with native varieties from Ganevat vineyards in the Jura, namely Petit Béclan, Gros Béclan, Geusche, Argant, Peurion, Portuguê Bleu, Isabelle, Enfariné and so on. The vines are 50 years old, 14 years old for the ungrafted vines. Winemaking is carried out by carbonic maceration for five weeks in truncated conical vats, with naturally occurring yeasts, and there is no clarification, filtration or sulfites added.</p>
<div class="caratteristiche">
<div class="temperatura">
<div class="icona-temperatura"></div>
<h4>Temperature:</h4>
<p> 8-10°C </p>
</p></div>
<div class="abbinamento">
<div class="icona-abbinamento"></div>
<h4>Pairings:</h4>
<p> after dinner </p>
</p></div>
<div class="vitigno">
<div class="icona-vitigno"></div>
<h4>Grapevine:</h4>
<p>       70% Gamay, native vines
   </p></div>
<div class="gradazione">
<div class="icona-gradazione"></div>
<h4>Alcohol content:</h4>
<p> 11.5% </p>
</p></div>
<div class="formato">
<div class="icona-formato"></div>
<h4>Size:</h4>
<p> 75 cl </p>
</p></div>
</div>
